{"id":1330,"date":"2025-11-21T18:38:59","date_gmt":"2025-11-21T18:38:59","guid":{"rendered":"https:\/\/www.fondazionecarpigiani.it\/?page_id=1330"},"modified":"2025-11-21T19:22:02","modified_gmt":"2025-11-21T19:22:02","slug":"dicono-di-noi","status":"publish","type":"page","link":"https:\/\/www.fondazionecarpigiani.it\/index.php\/dicono-di-noi\/","title":{"rendered":"Dicono di noi"},"content":{"rendered":"\t\t<div data-elementor-type=\"wp-page\" data-elementor-id=\"1330\" class=\"elementor elementor-1330\" data-elementor-post-type=\"page\">\n\t\t\t\t<div class=\"elementor-element elementor-element-b1c96cf e-flex e-con-boxed e-con e-parent\" data-id=\"b1c96cf\" data-element_type=\"container\">\n\t\t\t\t\t<div class=\"e-con-inner\">\n\t\t<div class=\"elementor-element elementor-element-f246a00 e-con-full e-flex e-con e-child\" data-id=\"f246a00\" data-element_type=\"container\">\n\t\t\t\t<div class=\"elementor-element elementor-element-98db0d8 elementor-widget elementor-widget-heading\" data-id=\"98db0d8\" data-element_type=\"widget\" data-widget_type=\"heading.default\">\n\t\t\t\t<div class=\"elementor-widget-container\">\n\t\t\t\t\t<h2 class=\"elementor-heading-title elementor-size-default\">Dicono di noi<\/h2>\t\t\t\t<\/div>\n\t\t\t\t<\/div>\n\t\t\t\t<div class=\"elementor-element elementor-element-a4098b1 elementor-widget-divider--view-line elementor-widget elementor-widget-divider\" data-id=\"a4098b1\" data-element_type=\"widget\" data-widget_type=\"divider.default\">\n\t\t\t\t<div class=\"elementor-widget-container\">\n\t\t\t\t\t\t\t<div class=\"elementor-divider\">\n\t\t\t<span class=\"elementor-divider-separator\">\n\t\t\t\t\t\t<\/span>\n\t\t<\/div>\n\t\t\t\t\t\t<\/div>\n\t\t\t\t<\/div>\n\t\t\t\t<div class=\"elementor-element elementor-element-c9e1535 elementor-grid-3 elementor-grid-tablet-2 elementor-grid-mobile-1 elementor-posts--thumbnail-top elementor-widget elementor-widget-posts\" data-id=\"c9e1535\" data-element_type=\"widget\" data-settings=\"{&quot;classic_columns&quot;:&quot;3&quot;,&quot;classic_columns_tablet&quot;:&quot;2&quot;,&quot;classic_columns_mobile&quot;:&quot;1&quot;,&quot;classic_row_gap&quot;:{&quot;unit&quot;:&quot;px&quot;,&quot;size&quot;:35,&quot;sizes&quot;:[]},&quot;classic_row_gap_tablet&quot;:{&quot;unit&quot;:&quot;px&quot;,&quot;size&quot;:&quot;&quot;,&quot;sizes&quot;:[]},&quot;classic_row_gap_mobile&quot;:{&quot;unit&quot;:&quot;px&quot;,&quot;size&quot;:&quot;&quot;,&quot;sizes&quot;:[]}}\" data-widget_type=\"posts.classic\">\n\t\t\t\t<div class=\"elementor-widget-container\">\n\t\t\t\t\t\t\t<div class=\"elementor-posts-container elementor-posts elementor-posts--skin-classic elementor-grid\" role=\"list\">\n\t\t\t\t<article class=\"elementor-post elementor-grid-item post-1570 post type-post status-publish format-standard has-post-thumbnail hentry category-dicono-di-noi category-uncategorized\" role=\"listitem\">\n\t\t\t\t<a class=\"elementor-post__thumbnail__link\" href=\"https:\/\/www.fondazionecarpigiani.it\/index.php\/2026\/03\/09\/gelarte-mozambico-corso-cgu-online-per-banconisti\/\" tabindex=\"-1\" >\n\t\t\t<div class=\"elementor-post__thumbnail\"><img fetchpriority=\"high\" decoding=\"async\" width=\"300\" height=\"211\" src=\"https:\/\/www.fondazionecarpigiani.it\/wp-content\/uploads\/2026\/03\/3000-2000-max-1-300x211.jpg\" class=\"attachment-medium size-medium wp-image-1579\" alt=\"\" srcset=\"https:\/\/www.fondazionecarpigiani.it\/wp-content\/uploads\/2026\/03\/3000-2000-max-1-300x211.jpg 300w, https:\/\/www.fondazionecarpigiani.it\/wp-content\/uploads\/2026\/03\/3000-2000-max-1-1024x721.jpg 1024w, https:\/\/www.fondazionecarpigiani.it\/wp-content\/uploads\/2026\/03\/3000-2000-max-1-768x541.jpg 768w, https:\/\/www.fondazionecarpigiani.it\/wp-content\/uploads\/2026\/03\/3000-2000-max-1.jpg 1200w\" sizes=\"(max-width: 300px) 100vw, 300px\" \/><\/div>\n\t\t<\/a>\n\t\t\t\t<div class=\"elementor-post__text\">\n\t\t\t\t<h3 class=\"elementor-post__title\">\n\t\t\t<a href=\"https:\/\/www.fondazionecarpigiani.it\/index.php\/2026\/03\/09\/gelarte-mozambico-corso-cgu-online-per-banconisti\/\" >\n\t\t\t\tGelarte Mozambico &#8211; corso CGU online per banconisti\t\t\t<\/a>\n\t\t<\/h3>\n\t\t\t\t<div class=\"elementor-post__meta-data\">\n\t\t\t\t\t<span class=\"elementor-post-date\">\n\t\t\tMarzo 9, 2026\t\t<\/span>\n\t\t\t\t<span class=\"elementor-post-avatar\">\n\t\t\tNessun commento\t\t<\/span>\n\t\t\t\t<\/div>\n\t\t\t\t<div class=\"elementor-post__excerpt\">\n\t\t\t<p>Gelarte Mozambico &#8211; corso online CGU per banconisti Allo scorso corso online del 16 Febbraio 2026 di Carpigiani Gelato University ha partecipato anche Gelarte Mozambico<\/p>\n\t\t<\/div>\n\t\t\n\t\t<a class=\"elementor-post__read-more\" href=\"https:\/\/www.fondazionecarpigiani.it\/index.php\/2026\/03\/09\/gelarte-mozambico-corso-cgu-online-per-banconisti\/\" aria-label=\"Leggi tutto Gelarte Mozambico &#8211; corso CGU online per banconisti\" tabindex=\"-1\" >\n\t\t\tRead More \u00bb\t\t<\/a>\n\n\t\t\t\t<\/div>\n\t\t\t\t<\/article>\n\t\t\t\t<article class=\"elementor-post elementor-grid-item post-1369 post type-post status-publish format-standard has-post-thumbnail hentry category-dicono-di-noi category-uncategorized\" role=\"listitem\">\n\t\t\t\t<a class=\"elementor-post__thumbnail__link\" href=\"https:\/\/www.fondazionecarpigiani.it\/index.php\/2025\/12\/29\/casa-s-chiara-evento-solidale-del-29-11-2025\/\" tabindex=\"-1\" >\n\t\t\t<div class=\"elementor-post__thumbnail\"><img decoding=\"async\" width=\"300\" height=\"211\" src=\"https:\/\/www.fondazionecarpigiani.it\/wp-content\/uploads\/2025\/12\/Evento-29-Novembre_Casa-Santa-Ch-3-1-300x211.jpg\" class=\"attachment-medium size-medium wp-image-1377\" alt=\"\" srcset=\"https:\/\/www.fondazionecarpigiani.it\/wp-content\/uploads\/2025\/12\/Evento-29-Novembre_Casa-Santa-Ch-3-1-300x211.jpg 300w, https:\/\/www.fondazionecarpigiani.it\/wp-content\/uploads\/2025\/12\/Evento-29-Novembre_Casa-Santa-Ch-3-1-1024x720.jpg 1024w, https:\/\/www.fondazionecarpigiani.it\/wp-content\/uploads\/2025\/12\/Evento-29-Novembre_Casa-Santa-Ch-3-1-768x540.jpg 768w, https:\/\/www.fondazionecarpigiani.it\/wp-content\/uploads\/2025\/12\/Evento-29-Novembre_Casa-Santa-Ch-3-1.jpg 1200w\" sizes=\"(max-width: 300px) 100vw, 300px\" \/><\/div>\n\t\t<\/a>\n\t\t\t\t<div class=\"elementor-post__text\">\n\t\t\t\t<h3 class=\"elementor-post__title\">\n\t\t\t<a href=\"https:\/\/www.fondazionecarpigiani.it\/index.php\/2025\/12\/29\/casa-s-chiara-evento-solidale-del-29-11-2025\/\" >\n\t\t\t\tCasa S. Chiara &#8211; evento solidale del 29.11.2025\t\t\t<\/a>\n\t\t<\/h3>\n\t\t\t\t<div class=\"elementor-post__meta-data\">\n\t\t\t\t\t<span class=\"elementor-post-date\">\n\t\t\tDicembre 29, 2025\t\t<\/span>\n\t\t\t\t<span class=\"elementor-post-avatar\">\n\t\t\tNessun commento\t\t<\/span>\n\t\t\t\t<\/div>\n\t\t\t\t<div class=\"elementor-post__excerpt\">\n\t\t\t<p>Casa Santa Chiara &#8211; Evento solidale del 29.11.2025 &#8220;Bologna, 29 novembre Il 29 novembre si \u00e8 tenuta la festa inaugurale del Centro Aldina Balboni per<\/p>\n\t\t<\/div>\n\t\t\n\t\t<a class=\"elementor-post__read-more\" href=\"https:\/\/www.fondazionecarpigiani.it\/index.php\/2025\/12\/29\/casa-s-chiara-evento-solidale-del-29-11-2025\/\" aria-label=\"Leggi tutto Casa S. Chiara &#8211; evento solidale del 29.11.2025\" tabindex=\"-1\" >\n\t\t\tRead More \u00bb\t\t<\/a>\n\n\t\t\t\t<\/div>\n\t\t\t\t<\/article>\n\t\t\t\t<article class=\"elementor-post elementor-grid-item post-1244 post type-post status-publish format-standard has-post-thumbnail hentry category-dicono-di-noi category-uncategorized\" role=\"listitem\">\n\t\t\t\t<a class=\"elementor-post__thumbnail__link\" href=\"https:\/\/www.fondazionecarpigiani.it\/index.php\/2025\/11\/19\/gelarte-gelateria-solidale-a-maputo-mozambico\/\" tabindex=\"-1\" >\n\t\t\t<div class=\"elementor-post__thumbnail\"><img decoding=\"async\" width=\"300\" height=\"211\" src=\"https:\/\/www.fondazionecarpigiani.it\/wp-content\/uploads\/2025\/11\/maputo-300x211.jpg\" class=\"attachment-medium size-medium wp-image-1258\" alt=\"\" srcset=\"https:\/\/www.fondazionecarpigiani.it\/wp-content\/uploads\/2025\/11\/maputo-300x211.jpg 300w, https:\/\/www.fondazionecarpigiani.it\/wp-content\/uploads\/2025\/11\/maputo-1024x720.jpg 1024w, https:\/\/www.fondazionecarpigiani.it\/wp-content\/uploads\/2025\/11\/maputo-768x540.jpg 768w, https:\/\/www.fondazionecarpigiani.it\/wp-content\/uploads\/2025\/11\/maputo.jpg 1200w\" sizes=\"(max-width: 300px) 100vw, 300px\" \/><\/div>\n\t\t<\/a>\n\t\t\t\t<div class=\"elementor-post__text\">\n\t\t\t\t<h3 class=\"elementor-post__title\">\n\t\t\t<a href=\"https:\/\/www.fondazionecarpigiani.it\/index.php\/2025\/11\/19\/gelarte-gelateria-solidale-a-maputo-mozambico\/\" >\n\t\t\t\tGelarte &#8211; Gelateria solidale a Maputo, Mozambico\t\t\t<\/a>\n\t\t<\/h3>\n\t\t\t\t<div class=\"elementor-post__meta-data\">\n\t\t\t\t\t<span class=\"elementor-post-date\">\n\t\t\tNovembre 19, 2025\t\t<\/span>\n\t\t\t\t<span class=\"elementor-post-avatar\">\n\t\t\tNessun commento\t\t<\/span>\n\t\t\t\t<\/div>\n\t\t\t\t<div class=\"elementor-post__excerpt\">\n\t\t\t<p>Gelarte &#8211; Gelateria solidale a Maputo, Mozambico GELARTE Maputo &#8211; Mozambico: &#8221; Volevo ringraziarvi per l&#8217;invio delle giacche Carpigiani , appena ricevute e gi\u00e0 utilizzate<\/p>\n\t\t<\/div>\n\t\t\n\t\t<a class=\"elementor-post__read-more\" href=\"https:\/\/www.fondazionecarpigiani.it\/index.php\/2025\/11\/19\/gelarte-gelateria-solidale-a-maputo-mozambico\/\" aria-label=\"Leggi tutto Gelarte &#8211; Gelateria solidale a Maputo, Mozambico\" tabindex=\"-1\" >\n\t\t\tRead More \u00bb\t\t<\/a>\n\n\t\t\t\t<\/div>\n\t\t\t\t<\/article>\n\t\t\t\t<article class=\"elementor-post elementor-grid-item post-1270 post type-post status-publish format-standard has-post-thumbnail hentry category-dicono-di-noi\" role=\"listitem\">\n\t\t\t\t<a class=\"elementor-post__thumbnail__link\" href=\"https:\/\/www.fondazionecarpigiani.it\/index.php\/2025\/11\/19\/antoniano-bologna\/\" tabindex=\"-1\" >\n\t\t\t<div class=\"elementor-post__thumbnail\"><img loading=\"lazy\" decoding=\"async\" width=\"300\" height=\"111\" src=\"https:\/\/www.fondazionecarpigiani.it\/wp-content\/uploads\/2025\/11\/antoniano-300x111.jpg\" class=\"attachment-medium size-medium wp-image-1301\" alt=\"\" srcset=\"https:\/\/www.fondazionecarpigiani.it\/wp-content\/uploads\/2025\/11\/antoniano-300x111.jpg 300w, https:\/\/www.fondazionecarpigiani.it\/wp-content\/uploads\/2025\/11\/antoniano-1024x380.jpg 1024w, https:\/\/www.fondazionecarpigiani.it\/wp-content\/uploads\/2025\/11\/antoniano-768x285.jpg 768w, https:\/\/www.fondazionecarpigiani.it\/wp-content\/uploads\/2025\/11\/antoniano.jpg 1200w\" sizes=\"(max-width: 300px) 100vw, 300px\" \/><\/div>\n\t\t<\/a>\n\t\t\t\t<div class=\"elementor-post__text\">\n\t\t\t\t<h3 class=\"elementor-post__title\">\n\t\t\t<a href=\"https:\/\/www.fondazionecarpigiani.it\/index.php\/2025\/11\/19\/antoniano-bologna\/\" >\n\t\t\t\tAntoniano Bologna\t\t\t<\/a>\n\t\t<\/h3>\n\t\t\t\t<div class=\"elementor-post__meta-data\">\n\t\t\t\t\t<span class=\"elementor-post-date\">\n\t\t\tNovembre 19, 2025\t\t<\/span>\n\t\t\t\t<span class=\"elementor-post-avatar\">\n\t\t\tNessun commento\t\t<\/span>\n\t\t\t\t<\/div>\n\t\t\t\t<div class=\"elementor-post__excerpt\">\n\t\t\t<p>Antoniano &#8211; Bologna \u00a0ANTONIANO Bologna : &#8220;Per Antoniano il 13 giugno \u00e8 un evento di comunit\u00e0 e solidariet\u00e0. \u00c8 l\u2019occasione in cui ogni anno l\u2019Antoniano<\/p>\n\t\t<\/div>\n\t\t\n\t\t<a class=\"elementor-post__read-more\" href=\"https:\/\/www.fondazionecarpigiani.it\/index.php\/2025\/11\/19\/antoniano-bologna\/\" aria-label=\"Leggi tutto Antoniano Bologna\" tabindex=\"-1\" >\n\t\t\tRead More \u00bb\t\t<\/a>\n\n\t\t\t\t<\/div>\n\t\t\t\t<\/article>\n\t\t\t\t<article class=\"elementor-post elementor-grid-item post-1265 post type-post status-publish format-standard has-post-thumbnail hentry category-dicono-di-noi\" role=\"listitem\">\n\t\t\t\t<a class=\"elementor-post__thumbnail__link\" href=\"https:\/\/www.fondazionecarpigiani.it\/index.php\/2025\/11\/18\/ristorante-sociale-borgo-digani-bologna\/\" tabindex=\"-1\" >\n\t\t\t<div class=\"elementor-post__thumbnail\"><img loading=\"lazy\" decoding=\"async\" width=\"300\" height=\"211\" src=\"https:\/\/www.fondazionecarpigiani.it\/wp-content\/uploads\/2025\/11\/Cattura-300x211.jpg\" class=\"attachment-medium size-medium wp-image-1292\" alt=\"\" srcset=\"https:\/\/www.fondazionecarpigiani.it\/wp-content\/uploads\/2025\/11\/Cattura-300x211.jpg 300w, https:\/\/www.fondazionecarpigiani.it\/wp-content\/uploads\/2025\/11\/Cattura-1024x719.jpg 1024w, https:\/\/www.fondazionecarpigiani.it\/wp-content\/uploads\/2025\/11\/Cattura-768x539.jpg 768w, https:\/\/www.fondazionecarpigiani.it\/wp-content\/uploads\/2025\/11\/Cattura.jpg 1201w\" sizes=\"(max-width: 300px) 100vw, 300px\" \/><\/div>\n\t\t<\/a>\n\t\t\t\t<div class=\"elementor-post__text\">\n\t\t\t\t<h3 class=\"elementor-post__title\">\n\t\t\t<a href=\"https:\/\/www.fondazionecarpigiani.it\/index.php\/2025\/11\/18\/ristorante-sociale-borgo-digani-bologna\/\" >\n\t\t\t\tRistorante sociale Borgo Digani &#8211; Bologna\t\t\t<\/a>\n\t\t<\/h3>\n\t\t\t\t<div class=\"elementor-post__meta-data\">\n\t\t\t\t\t<span class=\"elementor-post-date\">\n\t\t\tNovembre 18, 2025\t\t<\/span>\n\t\t\t\t<span class=\"elementor-post-avatar\">\n\t\t\tNessun commento\t\t<\/span>\n\t\t\t\t<\/div>\n\t\t\t\t<div class=\"elementor-post__excerpt\">\n\t\t\t<p>Ristorante sociale Borgo Digani &#8211; Bologna \u00a0BORGO DIGANI, Argelato (BO) : &#8220;Ringraziamo la Fondazione Carpigiani per la generosa donazione di gelato in occasione della cena<\/p>\n\t\t<\/div>\n\t\t\n\t\t<a class=\"elementor-post__read-more\" href=\"https:\/\/www.fondazionecarpigiani.it\/index.php\/2025\/11\/18\/ristorante-sociale-borgo-digani-bologna\/\" aria-label=\"Leggi tutto Ristorante sociale Borgo Digani &#8211; Bologna\" tabindex=\"-1\" >\n\t\t\tRead More \u00bb\t\t<\/a>\n\n\t\t\t\t<\/div>\n\t\t\t\t<\/article>\n\t\t\t\t<\/div>\n\t\t\n\t\t\t\t\t\t<\/div>\n\t\t\t\t<\/div>\n\t\t\t\t<\/div>\n\t\t\t\t\t<\/div>\n\t\t\t\t<\/div>\n\t\t\t\t<\/div>\n\t\t","protected":false},"excerpt":{"rendered":"<p>Dicono di noi<\/p>\n","protected":false},"author":4,"featured_media":0,"parent":0,"menu_order":0,"comment_status":"closed","ping_status":"closed","template":"","meta":{"footnotes":""},"class_list":["post-1330","page","type-page","status-publish","hentry"],"_links":{"self":[{"href":"https:\/\/www.fondazionecarpigiani.it\/index.php\/wp-json\/wp\/v2\/pages\/1330","targetHints":{"allow":["GET"]}}],"collection":[{"href":"https:\/\/www.fondazionecarpigiani.it\/index.php\/wp-json\/wp\/v2\/pages"}],"about":[{"href":"https:\/\/www.fondazionecarpigiani.it\/index.php\/wp-json\/wp\/v2\/types\/page"}],"author":[{"embeddable":true,"href":"https:\/\/www.fondazionecarpigiani.it\/index.php\/wp-json\/wp\/v2\/users\/4"}],"replies":[{"embeddable":true,"href":"https:\/\/www.fondazionecarpigiani.it\/index.php\/wp-json\/wp\/v2\/comments?post=1330"}],"version-history":[{"count":8,"href":"https:\/\/www.fondazionecarpigiani.it\/index.php\/wp-json\/wp\/v2\/pages\/1330\/revisions"}],"predecessor-version":[{"id":1340,"href":"https:\/\/www.fondazionecarpigiani.it\/index.php\/wp-json\/wp\/v2\/pages\/1330\/revisions\/1340"}],"wp:attachment":[{"href":"https:\/\/www.fondazionecarpigiani.it\/index.php\/wp-json\/wp\/v2\/media?parent=1330"}],"curies":[{"name":"wp","href":"https:\/\/api.w.org\/{rel}","templated":true}]}}